9689 is divided by 809.
804
Calculate the remainder when 242299 is divided by 12800.
11899
Calculate the remainder when 1350163 is divided by 19855.
23
What is the remainder when 22092 is divided by 15005?
7087
What is the remainder when 2858649 is divided by 13296?
9
Calculate the remainder when 11764892 is divided by 2941205.
72
Calculate the remainder when 699384 is divided by 2420.
4
Calculate the remainder when 1015102 is divided by 2328.
94
Calculate the remainder when 52287843 is divided by 14700.
14643
What is the remainder when 166691 is divided by 1124?
339
What is the remainder when 326080 is divided by 32584?
240
Calculate the remainder when 1739045 is divided by 173876.
285
Calculate the remainder when 92472 is divided by 18485.
47
Calculate the remainder when 277231524 is divided by 37.
33
What is the remainder when 7396849 is divided by 93?
1
What is the remainder when 13644082 is divided by 324854?
214
What is the remainder when 140406 is divided by 137898?
2508
Calculate the remainder when 441885 is divided by 1179.
939
What is the remainder when 2813979 is divided by 52?
51
Calculate the remainder when 2279544 is divided by 1139712.
120
Calculate the remainder when 991091 is divided by 41.
39
Calculate the remainder when 45119099 is divided by 1950.
1949
What is the remainder when 96215 is divided by 580?
515
What is the remainder when 407660 is divided by 2145?
110
What is the remainder when 1442144 is divided by 7035?
7004
What is the remainder when 11052367 is divided by 168?
151
Calculate the remainder when 293445 is divided by 16113.
3411
Calculate the remainder when 406492179 is divided by 135497392.
3
Calculate the remainder when 238895 is divided by 97.
81
Calculate the remainder when 19798049 is divided by 373548.
5
What is the remainder when 52285261 is divided by 17428328?
277
Calculate the remainder when 90383 is divided by 3852.
1787
What is the remainder when 25626319 is divided by 104?
95
What is the remainder when 2406626321 is divided by 75?
71
Calculate the remainder when 125211214 is divided by 13.
11
Calculate the remainder when 3705198 is divided by 1837.
1806
What is the remainder when 58050237 is divided by 17?
14
What is the remainder when 2117 is divided by 2047?
70
Calculate the remainder when 1084042 is divided by 2569.
2493
Calculate the remainder when 2826736 is divided by 353342.
0
What is the remainder when 2075316 is divided by 35?
26
Calculate the remainder when 66301568 is divided by 200.
168
Calculate the remainder when 1712814 is divided by 1388.
22
What is the remainder when 966765 is divided by 245?
240
What is the remainder when 27980954 is divided by 2107?
2101
Calculate the remainder when 1965848 is divided by 3244.
3228
Calculate the remainder when 6127846 is divided by 90.
16
What is the remainder when 21601280 is divided by 1440084?
20
What is the remainder when 73510196 is divided by 32979?
5
Calculate the remainder when 173416 is divided by 14402.
592
What is the remainder when 153720782 is divided by 3009?
3008
What is the remainder when 1452 is divided by 1200?
252
Calculate the remainder when 1856706 is divided by 928344.
18
What is the remainder when 52020552 is divided by 303?
300
What is the remainder when 9815 is divided by 8?
7
Calculate the remainder when 7014850 is divided by 168.
10
Calculate the remainder when 1740689 is divided by 148.
61
Calculate the remainder when 2953245 is divided by 5083.
22
Calculate the remainder when 65607796 is divided by 119.
2
What is the remainder when 689308 is divided by 229754?
46
What is the remainder when 107325 is divided by 172?
169
Calculate the remainder when 2745782 is divided by 69.
65
Calculate the remainder when 73188 is divided by 73179.
9
What is the remainder when 170549 is divided by 2304?
53
Calculate the remainder when 29679635 is divided by 847989.
20
Calculate the remainder when 109115 is divided by 21763.
300
What is the remainder when 9494500 is divided by 356?
336
Calculate the remainder when 1443257 is divided by 279.
269
Calculate the remainder when 560772 is divided by 14935.
8177
What is the remainder when 229012 is divided by 442?
56
What is the remainder when 27091728 is divided by 2612?
64
Calculate the remainder when 2475290 is divided by 1430.
1390
What is the remainder when 4628551 is divided by 19?
18
What is the remainder when 201486 is divided by 1832?
1798
Calculate the remainder when 611052 is divided by 11974.
378
What is the remainder when 591274 is divided by 21?
19
What is the remainder when 2994995 is divided by 36974?
101
Calculate the remainder when 167212 is divided by 41790.
52
Calculate the remainder when 14475306 is divided by 5650.
6
Calculate the remainder when 1758492 is divided by 70.
22
Calculate the remainder when 734686791 is divided by 49.
48
What is the remainder when 248761 is divided by 526?
489
What is the remainder when 19620739 is divided by 4905176?
35
Calculate the remainder when 28265195 is divided by 992.
139
Calculate the remainder when 31019085 is divided by 9.
0
Calculate the remainder when 556849 is divided by 112.
97
What is the remainder when 247115 is divided by 41182?
23
What is the remainder when 3937714 is divided by 9771?
1
Calculate the remainder when 148143910 is divided by 891.
13
What is the remainder when 1487943 is divided by 495953?
84
What is the remainder when 3456419 is divided by 864097?
31
Calculate the remainder when 11011035 is divided by 662.
651
What is the remainder when 2325409 is divided by 701?
192
Calculate the remainder when 72096 is divided by 4941.
2922
What is the remainder when 7315 is divided by 540?
295
Calculate the remainder when 176868 is divided by 9165.
2733
Calculate the remainder when 208068 is divided by 3356.
3352
Calculate the remainder when 75802 is divided by 1904.
1546
Calculate the remainder when 50456 is divided by 3471.
1862
Calculate the remainder when 5769905 is divided by 2778.
2777
Calculate the remainder when 281095 is divided by 94.
35
Calculate the remainder when 704053 is divided by 31.
12
Calculate the remainder when 401888 is divided by 39312.
8768
Calculate the remainder when 17396 is divided by 4265.
336
Calculate the remainder when 17757189 is divided by 12.
9
What is the remainder when 1117136 is divided by 8394?
734
Calculate the remainder when 1471721 is divided by 352.
9
What is the remainder when 112588 is divided by 834?
832
What is the remainder when 1936933 is divided by 380?
73
What is the remainder when 8265022 is divided by 28?
10
Calculate the remainder when 26894 is divided by 5769.
3818
What is the remainder when 45370 is divided by 5671?
2
Calculate the remainder when 814231 is divided by 406861.
509
Calculate the remainder when 1043482 is divided by 1530.
22
Calculate the remainder when 1180945 is divided by 590393.
159
Calculate the remainder when 462790 is divided by 149.
145
Calculate the remainder when 5775082 is divided by 5775062.
20
Calculate the remainder when 23510 is divided by 11348.
814
What is the remainder when 39057 is divided by 19319?
419
What is the remainder when 106571 is divided by 1213?
1040
Calculate the remainder when 8946988 is divided by 244.
240
What is the remainder when 544378 is divided by 272175?
28
Calculate the remainder when 88959078 is divided by 535898.
10
Calculate the remainder when 1448788 is divided by 1448414.
374
What is the remainder when 643362 is divided by 54?
6
Calculate the remainder when 17344331 is divided by 317.
310
What is the remainder when 35126426 is divided by 3193311?
5
Calculate the remainder when 1396719 is divided by 43.
36
Calculate the remainder when 190225 is divided by 573.
562
What is the remainder when 34760359 is divided by 518811?
22
Calculate the remainder when 60323756 is divided by 16251.
44
What is the remainder when 288329633 is divided by 72082407?
5
Calculate the remainder when 1385735 is divided by 116.
115
Calculate the remainder when 108267 is divided by 35998.
273
Calculate the remainder when 2465405 is divided by 70.
5
What is the remainder when 8862190 is divided by 1217?
1213
Calculate the remainder when 7856132 is divided by 1446.
14
Calculate the remainder when 3507887 is divided by 107.
106
What is t